70. List the prime factors of a.
2, 7
What are the prime factors of 57*(-4 - (-9 - -4))?
3, 19
Suppose -6 = 3*u - 15. List the prime factors of 3 - -4*(u - -1).
19
Let b(a) be the third derivative of 13*a**4/24 - 4*a**3/3 + 8*a**2. What are the prime factors of b(5)?
3, 19
Let r = 4 + 3. What are the prime factors of r?
7
Let x(f) = f**3 + 6*f**2 + 3*f + 1. Let n(k) = k**3 + k**2 - 5. Suppose -p + 2*y = 4*p + 4, -2 = -y. Let c be n(p). List the prime factors of x(c).
11
Let d(f) = 3*f**2 - 6*f + 1. Let y be d(5). List the prime factors of 2*(2 - y/(-4)).
3
List the prime factors of ((-66)/5)/((-4)/10).
3, 11
Let j = 15 - 6. Let s(x) = 4*x**2 - 27*x - 25. Let w(z) = z**2 - 7*z - 6. Let i(u) = 2*s(u) - 9*w(u). What are the prime factors of i(j)?
2
Let i(p) = 5*p**3 - 6*p + 4. List the prime factors of i(3).
11
Let o be (-12)/30 - 202/(-5). Suppose o = 3*p + p. Let j = p + 0. What are the prime factors of j?
2, 5
Let o be 12 + -4 + 0/2. Suppose -5*n = -4*c - o, c - 4*n + 13 = -0*c. List the prime factors of (-2 - (-8)/c)*3.
2
Let m(f) = -f**2 - 3 - 6*f - 9*f + 6*f. Let q be m(-8). Suppose i - 4 = q. What are the prime factors of i?
3
What are the prime factors of 48 + (4 + -5 - 2)?
3, 5
What are the prime factors of ((2 - 1) + 57)/2?
29
Suppose -b = -6*b - 40. Let h = b - -7. What are the prime factors of (h - 1) + 9 + -1?
2, 3
Suppose 0 = -3*c - 3*c + 192. List the prime factors of c.
2
Let r(y) = -y**3 + 11*y**2 - 10*y + 21. List the prime factors of r(7).
3, 7
Suppose 5*i - 29 - 16 = 0. Let w(p) be the first derivative of p**4/4 - 3*p**3 + p**2/2 - 6*p - 2. List the prime factors of w(i).
3
Let o be (-6)/8*(-8)/2. Suppose -3*u - 3*s = -18 + o, 21 = 5*u + s. Suppose 3*j - 5*r - 5 = u*j, 3*j + 2*r = 24. List the prime factors of j.
2, 5
Let g = 711 + -489. List the prime factors of g.
2, 3, 37
List the prime factors of ((-12)/(-14))/3 + (-2040)/(-14).
2, 73
Let c = 8 + 2. List the prime factors of c + 0 + 0 + -1.
3
Suppose -3*b + 63 = -3*v - 84, -b + 3*v = -39. List the prime factors of b.
2, 3
Let m = -4 - -2. List the prime factors of 5*((5 - 1) + m).
2, 5
Let i be 224/6 + (-10)/(-15). Let s = i + 7. What are the prime factors of s?
3, 5
Suppose 0*o = 3*o - 15. What are the prime factors of o?
5
Let r(d) = -25*d - 54. List the prime factors of r(-4).
2, 23
Suppose 2*x + 29 = -5. Suppose 3*s + 2 = -10. What are the prime factors of s/(4/x) + 2?
19
Let m = 71 - 41. List the prime factors of m.
2, 3, 5
List the prime factors of -3*((-4)/12 + -4).
13
Let m(w) = -w - 2. Let b be m(2). Suppose 6*v - v + 70 = 0. List the prime factors of (-24)/(-42)*v/b.
2
Suppose 0 = 2*p - 10, 0 = 4*u - 5*p + 26 - 9. Suppose -u*t + 0*t + 54 = 0. What are the prime factors of t?
3
Let m = 26 + 49. List the prime factors of m.
3, 5
Suppose 2*l + 30 = 5*u, 4*l + 3*u = -95 + 9. Let o = -17 - l. List the prime factors of o.
3
Let u(y) = 6*y - 18. What are the prime factors of u(19)?
2, 3
Let p(q) = -q**2 - 17*q - 8. What are the prime factors of p(-16)?
2
Let b(o) = o**2 - 12. Let z be b(-5). Let h = 30 + z. What are the prime factors of h?
43
Let w = -60 + 81. List the prime factors of w.
3, 7
Suppose 3*h + 90 = 4*h. List the prime factors of h.
2, 3, 5
Let q = -1 + 24. What are the prime factors of q?
23
Let f(k) = 5 - 5*k + 3*k + k**2 - 3*k. Let q be f(5). Suppose -q*o + 32 = -o. What are the prime factors of o?
2
Let s(m) = 6*m + 7. Let c be s(5). Let o = c + -26. What are the prime factors of o?
11
Let g(a) = -5*a. Let k be g(3). Let i be 4/(-10) - (-381)/15. Let s = k + i. What are the prime factors of s?
2, 5
Suppose 10*r - r = 882. What are the prime factors of r?
2, 7
Let r(o) = o**2 - 6*o - 7. Let a be r(7). Suppose -4*c - c + 20 = a. List the prime factors of c.
2
Suppose 4 = -4*g - 4. Let h be 15/5*g/(-3). Suppose k + 5*q = 5*k - 91, 5*q - 23 = -h*k. List the prime factors of k.
19
Suppose 0 = -t - 0*t - 5. Let w = 8 + t. Let u(z) = 3*z - 2. List the prime factors of u(w).
7
List the prime factors of (-8)/(-16) - (-494)/4.
2, 31
Let q = -5 - -5. Suppose q*r = -2*r. Suppose -8 = -2*n - r. List the prime factors of n.
2
Suppose -38*a = -33*a - 530. What are the prime factors of a?
2, 53
Let y be (1 - -1) + -2 + 13. Suppose -4*r + u + 11 = -0, -2*r = -3*u - y. List the prime factors of r.
2
Let u be (12/(-15))/(2/(-10)). Suppose -u*g + 59 = -5*j, 0 = -2*g + 3*g - j - 16. List the prime factors of g.
3, 7
Suppose 3*m + 3*g - 6 = 0, m - 3*m = 5*g + 11. Suppose 2*x + 1 - 5 = 0. List the prime factors of (-64)/(-28) - x/m.
2
Suppose -2*p + 1 = 3*h - 6, -p = 1. Suppose h*u + 10 = 31. What are the prime factors of u?
7
Suppose w + 2*w = 87. List the prime factors of w.
29
Suppose 3*t + 9 = -9. Let i be t/(((-16)/10)/4). Let c = i - 6. List the prime factors of c.
3
Let j(a) = 6*a + 2. What are the prime factors of j(2)?
2, 7
Suppose 9*t - 110 = 4*t. Suppose -t = -5*v + 8. List the prime factors of v.
2, 3
Let o be 8/(-4) + 3*-2. Let z = o - -2. Let v(j) = j**2 + 4*j - 2. List the prime factors of v(z).
2, 5
Suppose 2*m + 4 = 8. Suppose -m*w = -60 - 16. List the prime factors of w.
2, 19
Let y(o) = 2*o + o - 6 + 11 + 0*o. List the prime factors of y(4).
17
Suppose h - 3 = 2*l, -3*h + 9 = 2*l + l. Suppose 0 = v + h*v - 3*j - 20, -2*j + 32 = 3*v. What are the prime factors of v?
2
Let u = 135 + -80. Suppose -u = -4*b - 19. What are the prime factors of b?
3
Suppose 6*m + 5*x = m + 390, 4*x = 3*m - 255. What are the prime factors of m?
3
Suppose -4 = -t - t. Suppose -t*i + 74 = -5*a, 4*i = -5*a + 13 + 105. List the prime factors of i.
2
Let o(p) be the first derivative of p**4/4 - 5*p**3/3 + 7*p**2/2 - 5*p + 2. List the prime factors of o(5).
2, 3, 5
Suppose -4*w = 4*s - 9*s - 6, -8 = -4*w + 4*s. Suppose -2*i + 3 = -7, y + w*i = 63. What are the prime factors of y?
43
Let w = 14 + 4. What are the prime factors of w?
2, 3
Suppose 2*h = 2*n + 4, 3*h + 2*h - 2*n + 2 = 0. Let b be h - (0/(-3) - -1). What are the prime factors of (1/b)/((-3)/135)?
3, 5
Suppose 2*i = 75 + 21. List the prime factors of i.
2, 3
Let m = 0 - -5. List the prime factors of m.
5
Let b = -90 - -192. What are the prime factors of b?
2, 3, 17
Let v = -254 - -509. What are the prime factors of v?
3, 5, 17
What are the prime factors of -3*(-2)/(-9) - 339/(-9)?
37
Let p = 4 + -7. Let v = 3 - p. What are the prime factors of v?
2, 3
Let u = 0 + 2. Suppose 3*f + 106 = 5*i, i - 66 = -u*i + 3*f. List the prime factors of i.
2, 5
Let h(t) = 34*t**2 - 10*t - 7. Let b(r) = 11*r**2 - 3*r - 2. Let g(o) = 7*b(o) - 2*h(o). List the prime factors of g(-1).
2, 5
Let u(y) = 15*y - 38. What are the prime factors of u(16)?
2, 101
Let a = -19 - -22. Suppose 3*z - 25 - 23 = -3*n, -62 = -4*n - a*z. What are the prime factors of n?
2, 7
What are the prime factors of (-13 - 0)*(-2 + 0/2)?
2, 13
Suppose -47 = -5*y - 7. List the prime factors of y.
2
Let h = -16 - -21. What are the prime factors of h?
5
Let w be 3/(3*3/6). Suppose -v - w*v = -96. List the prime factors of v.
2
Let n = -31 - -10. Let l = n - -39. What are the prime factors of l?
2, 3
Suppose -y - 4*y = -4*q + 192, -5*q = -3*y - 253. What are the prime factors of q?
53
Suppose 3*l = 2*l + 3. Suppose 2 = -l*w + 11. What are the prime factors of w?
3
Let q(w) = w + 8. Let n be q(-6). Suppose 5*z + n*d - 55 = 0, 3*z + 4*d = d + 42. What are the prime factors of z?
3
Let f(p) = -9*p - 14. What are the prime factors of f(-8)?
2, 29
Suppose 5*i - 20 = -3*r + 1, -r = -5*i + 13. Suppose -r*f - 12 = 3*n - 49, -4*f = 3*n - 41. List the prime factors of n.
11
Let c = -4 + 8. List the prime factors of 67/c + (-1)/(-4).
17
Let w = 12 - 3. Suppose 21 = x + h + w, 28 = 4*x - h. List the prime factors of x.
2
Let w be (0 + 9)/((-3)/3). Let d(j) = j**2 + 9*j + 11. List the prime factors of d(w).
11
Suppose 3*x + 2*p - 11 = 2*x, -3*x = -3*p - 6. Suppose x*v + 4*f = 4, 2*f - 12 = -5*v - 0*v. List the prime factors of v.
2
Suppose -7*x = -222 - 170. List the prime factors of x.
2, 7
Let n = 170 - 63. What are the prime factors of n?
107
Suppose s + 61 = -4*t, 2*t + 3*s - 27 = 4*t. Let j = 34 + t. What are the prime factors of j?
19
Suppose v + 2*v - 15 = 0. Suppose 16 = v*p - 19. What are the prime factors of p?
7
List the prime factors of -3 - (78/(-3) + 1).
2, 11
Let l(j) = -j 